e -96 = -4*h + 3*b, -4*h - 4*b + 26 = -2*h. Calculate the remainder when h is divided by 12.
9
What is the remainder when ((-64)/(-20))/((-1)/(-20)) is divided by 23?
18
Let b = -120 + 206. Suppose -3*i + 24 = -42. What is the remainder when b is divided by i?
20
Let n be (-3)/6 + (-20)/(-8). Suppose n*i + 2*i = 44. Calculate the remainder when 21 is divided by i.
10
Suppose -2*s - 2*a = -32, -64 = s - 4*s + a. What is the remainder when 57 is divided by s?
17
Let z = -21 + 53. Calculate the remainder when z is divided by 18.
14
Let b = -95 + 133. Calculate the remainder when 225 is divided by b.
35
Suppose 0*p - 4*p - 2*s = -660, -183 = -p + 4*s. What is the remainder when p is divided by 34?
31
Let b(c) = 17*c**3 - 16*c**2 + 10*c + 1. Let v(j) = -11*j**3 + 11*j**2 - 7*j - 1. Let r(s) = 5*b(s) + 7*v(s). What is the remainder when r(2) is divided by 14?
10
Let m = 42 + -38. Let b = 3 - -23. What is the remainder when b is divided by m?
2
Let j = -170 - -250. What is the remainder when j is divided by 21?
17
Let w(c) = c**2 + 4*c - 1 + 3 + 0. Let q be w(-2). Calculate the remainder when 15 is divided by (-7)/q + (-2)/(-4).
3
Suppose 4*z = -5*c - 166, 3*z - c + 111 = 2*c. Let s(d) = -12*d. Calculate the remainder when s(-2) is divided by ((-2)/3)/(2/z).
11
Let n = 42 + -24. Suppose -4*x - 1 = -q + 1, -2*q - 2 = -2*x. What is the remainder when n is divided by (q - -5)*20/6?
8
Let u = 6 - 7. Suppose 4*l + x - 25 = 0, -2*l = l - 4*x - 33. Calculate the remainder when l is divided by 4*(u - 14/(-8)).
1
Let j be (-10)/15*(-6)/4. What is the remainder when (1 - 2/j) + 70 is divided by 18?
15
Let s(v) = v**3 + 3*v**2 - 2*v - 4. Let p be s(-3). Suppose p*i - 10 = -0*i. Calculate the remainder when 19 is divided by i.
4
Let l = 38 - 21. Calculate the remainder when 32 is divided by l.
15
Let g = -26 - -38. Calculate the remainder when 23 is divided by g.
11
What is the remainder when 55 is divided by (-21 + 0)*(-14)/21?
13
Let n(p) = 8*p**2 + 3*p - 2. Let k = 98 - 37. Suppose 5*c - 2*o - 17 - 72 = 0, -4*c + 5*o + k = 0. What is the remainder when n(2) is divided by c?
17
Let k(n) = 21*n + 1. Calculate the remainder when 41 is divided by k(1).
19
Let d(j) = j**3 - 1. Let h be d(1). Suppose h = -3*k - k + 72. Calculate the remainder when 208/6 - 11/(-33) is divided by k.
17
Let g(t) = t + 5. Let r be g(-11). Let b = r + 7. What is the remainder when b is divided by 1?
0
Calculate the remainder when (35/(-20))/(4/(-16)) is divided by 2*6/(-8)*-2.
1
Suppose 5*w - 25 = -0*w. Let j(v) be the third derivative of v**4/8 + 2*v**3/3 - v**2. Calculate the remainder when 36 is divided by j(w).
17
Let g = -37 + 45. Calculate the remainder when 22 is divided by g.
6
Suppose 34 = 2*o + 4*v, -3*v - v + 8 = 0. What is the remainder when 23 is divided by o?
10
Let t = -87 + 47. Let u = -88 - t. Let h = -21 - u. What is the remainder when h is divided by 15?
12
Let y be (-6)/21 - 80/14. Let t be (-2)/y + (-17)/(-3). Suppose -4*z + t*z = 20. What is the remainder when 19 is divided by z?
9
Suppose -y - y = 5*z - 40, 2*y = 4*z - 14. Calculate the remainder when (-2 - -3)*1*16 is divided by (z/7)/((-3)/(-21)).
4
Let a(p) = p**2 - 5*p - 3. Suppose 2*r = 4*d - 64, 4*r = 10*d - 12*d + 32. Calculate the remainder when a(-5) is divided by d.
15
Let n(w) = w**3 + 7*w**2 + 6*w + 3. Let f be n(-6). Suppose 0 = -f*u - u + 144. Suppose 15 = -3*r + u. What is the remainder when 20 is divided by r?
6
Suppose -5*f + 9*f = 200. Calculate the remainder when f is divided by 14.
8
Suppose q + 1 - 7 = -2*g, 2*q - 2*g - 6 = 0. Suppose 0 = -2*o - 4*p - p - 15, q*o = -4*p. Calculate the remainder when 18 is divided by o.
3
Let t(p) = -p - 1. Let a be t(-1). Suppose a = 4*w - 59 - 17. What is the remainder when w is divided by 5?
4
Suppose -n = -m - 7 + 35, 2*m + n = 47. Calculate the remainder when m is divided by 14.
11
Suppose 3*m + 5*g = -m - 12, -m + 3*g = -14. Suppose a = 3*o + m, -5*a + 23 = -2. Suppose 0*w = w - o. Calculate the remainder when 1 is divided by w.
0
Suppose 0 = 3*u - 6, 3*l - l - 26 = -4*u. Let k = 22 - -3. What is the remainder when k is divided by l?
7
Let i = -13 - -9. What is the remainder when 47 is divided by 32*(2 - (-6)/i)?
15
Suppose 3*o + j - 55 = -j, 3*j = -o + 9. What is the remainder when -61*1*-3*6/18 is divided by o?
19
Let k = -8 - -16. Suppose 0 = -3*c - 5*m - 3, c + 5*m + 16 - 5 = 0. Suppose 12 = c*p - 0. What is the remainder when k is divided by p?
2
Let d = -2 + 12. Let y = d - 4. What is the remainder when 10 is divided by y?
4
Suppose -3*j - 3 - 3 = 0. Let i be (j/(-6))/((-1)/9). Calculate the remainder when 19 is divided by i/(-9) - 87/(-9).
9
Suppose -3*r - 16 = -3*x - 82, -4*r - 4*x + 80 = 0. Let t be 6/21 - (-36)/r. Suppose t*h = -h + 12. What is the remainder when 7 is divided by h?
3
Let i = -37 - -56. Calculate the remainder when i is divided by 7.
5
Let p(f) = f**2 - 16*f - 15. What is the remainder when 6 is divided by p(17)?
0
Let i(p) = 9*p**2 - 7*p + 32. Calculate the remainder when i(3) is divided by 31.
30
Let w = 8 + -6. Suppose -10 - 10 = -w*d. What is the remainder when (-117)/(-4) - 2/8 is divided by d?
9
Let z be (-2)/3*(-9)/(-6). Let k(d) = -18*d**3 - 2*d**2 - 2*d - 1. Let l = 101 - 52. Calculate the remainder when l is divided by k(z).
15
Suppose 5*u = 4*g - 4, 3*u + 6 = -0*g + 3*g. Let y = 10 - g. Suppose -4*a = q - 22, 0*a = -3*q - a + 33. Calculate the remainder when q is divided by y.
2
What is the remainder when 69 is divided by -12*-2*(-9)/(-12)?
15
Let a(j) = 13*j + 11. Let q be a(9). Let p be 0 + q/(1 - -1). Let f = p - 44. Calculate the remainder when f is divided by 7.
6
Let i(f) = -5*f - 21. Calculate the remainder when 39 is divided by i(-7).
11
Suppose -z = v - 0*z - 57, -3*z + 233 = 4*v. Calculate the remainder when v is divided by 33.
29
Let y = 187 - 102. Let n = y - 53. Suppose -2*z = -0*z - n. What is the remainder when 30 is divided by z?
14
Let v = 16 - 2. What is the remainder when 67 is divided by v?
11
Let k = -54 - -55. Suppose -5*f = 5*z - 10, 4 = -0*z - z + 5*f. Calculate the remainder when z is divided by k.
0
Let a(s) = 2*s**2 + 10*s + 15. Suppose 0 = -4*r + 2*r - 4. What is the remainder when (r - -40)*(-6)/(-4) is divided by a(-5)?
12
Suppose 3*f - 180 + 57 = 3*q, 0 = -5*f - q + 181. Suppose -4*t + t = -39. Calculate the remainder when f is divided by t.
11
Let r = -8 + 12. Suppose -6 = 5*d + 2*s - 32, 0 = -2*s - r. Calculate the remainder when (-6)/((-10)/(-16) - 1) is divided by d.
4
Let m = -63 - -78. What is the remainder when 56 is divided by m?
11
Let g(u) = -u + 6. Calculate the remainder when 8 is divided by g(0).
2
Let q = 1 + 7. Suppose -1 = -3*f + q. Suppose 0 = -f*c - 4 - 2, -2*z - 2*c = -16. What is the remainder when 18 is divided by z?
8
Let q = -34 + 84. Calculate the remainder when q is divided by (-2)/5 - (-87)/5.
16
Suppose 5*o - 2*d - 379 = 0, -5*o + 3*d + 0*d + 381 = 0. Let v = o - 44. Calculate the remainder when v is divided by 10 - 1 - (-2 + 0).
9
Suppose -5*l + 25 = -10. Let f = -10 - -14. What is the remainder when l is divided by f?
3
Let f = 38 - 22. Suppose 6 = -2*a + 2. What is the remainder when f is divided by -12*(-3 + (-5)/a)?
4
Suppose -42 = -5*q + 8. Let d = -1 + q. Calculate the remainder when d is divided by 3.
0
Suppose -m = -d - 2*m + 27, 3*d - 3*m = 99. What is the remainder when d is divided by 16?
14
Suppose -2*g + 4*g + 3*a = 20, 3*g = 5*a + 49. What is the remainder when g is divided by 7?
6
Suppose 14*u = 11*u + 75. What is the remainder when u is divided by 9?
7
Let n(o) = 2*o + 141. Let l = 9 - 9. Let h be n(l). Suppose -3*w - h = -6*w. What is the remainder when w is divided by 16?
15
Suppose -t = 5*a + 14, 0 = -2*t - 3*t - a - 22. Let h(c) = c**3 + 4*c**2 + 6. Suppose -36 = -5*u + 44. What is the remainder when u is divided by h(t)?
4
What is the remainder when 1784/14 - (-24)/(-56) is divided by 43?
41
Let t(k) = -k**2 + 9*k - 1. Let w(s) = 2*s - 4. What is the remainder when t(6) is divided by w(5)?
5
Let k(o) = 3*o + 30. What is the remainder when 29 is divided by k(-8)?
5
What is the remainder when 1562/7 - 1 - 5/35 is divided by 32?
30
Let r(y) = -9*y**3 - 2*y**2 + y + 1. What is the remainder when r(-2) is divided by 17?
12
Suppose 3*m = -8 